?
False
Is 469339049 a composite number?
True
Is 80431580783 a prime number?
False
Is 2400416409 a composite number?
True
Is 321089848049 a prime number?
True
Is 243742319 a prime number?
True
Is 1026579427 prime?
False
Is 1672485889 a composite number?
False
Is 36968149429 a prime number?
True
Is 954887923 a composite number?
True
Is 4729285337 a prime number?
False
Is 16698831197 a composite number?
True
Is 182325219901 a composite number?
True
Is 5019497533 composite?
True
Is 25147847167 composite?
False
Is 64264357 a prime number?
True
Is 129614087 composite?
False
Is 332235103 prime?
True
Is 1039963387 a prime number?
True
Is 187232239 composite?
True
Is 50884044859 composite?
True
Is 13422706751 a prime number?
True
Is 34275655121 a composite number?
False
Is 242878787 a composite number?
False
Is 5914115393 prime?
False
Is 311966137113 a prime number?
False
Is 115661894599 a composite number?
True
Is 4521035159 prime?
True
Is 15424636309 a composite number?
True
Is 4953844249 a composite number?
False
Is 585806181 prime?
False
Is 133207933 prime?
False
Is 156756073 prime?
True
Is 3284305469 prime?
True
Is 9938447569 a composite number?
False
Is 2325216737 a prime number?
True
Is 970083899 a composite number?
True
Is 6274072435 a prime number?
False
Is 25168443631 composite?
False
Is 2133501661 a composite number?
True
Is 24674548369 composite?
False
Is 17013958999 composite?
False
Is 111400652119 composite?
False
Is 153388504367 composite?
True
Is 7747504631 a prime number?
False
Is 58156870021 a prime number?
True
Is 310317269 composite?
True
Is 15318658955 a prime number?
False
Is 107707587947 composite?
False
Is 22409091869 prime?
True
Is 1241113061 a prime number?
True
Is 24792813781 a composite number?
False
Is 53238371387 composite?
True
Is 9651385697 composite?
False
Is 726594437 a prime number?
False
Is 16369610489 a prime number?
False
Is 1129226783 a composite number?
True
Is 104817151514 a composite number?
True
Is 45234728381 a composite number?
True
Is 550132703 a composite number?
True
Is 74434152649 a prime number?
True
Is 2947910701 a composite number?
True
Is 43014459097 prime?
False
Is 121493707 prime?
False
Is 6896529082 composite?
True
Is 60490943 prime?
False
Is 7294946401 a prime number?
False
Is 31967198293 a prime number?
False
Is 5824402343 a composite number?
True
Is 20655682547 a prime number?
False
Is 39346279421 prime?
False
Is 6788566237 prime?
True
Is 604853474 composite?
True
Is 55699380089 composite?
False
Is 2966916889 a composite number?
True
Is 9103833331 a prime number?
False
Is 269244011 a composite number?
True
Is 951387937 prime?
True
Is 860665261 a prime number?
False
Is 1007124007 a prime number?
True
Is 1304888701 a prime number?
False
Is 788199233 composite?
False
Is 42505707641 a prime number?
True
Is 1712568653 a prime number?
False
Is 214296127 prime?
False
Is 213647423 a prime number?
False
Is 18805726397 a composite number?
True
Is 2785070443 a prime number?
True
Is 1532855911 prime?
True
Is 17789324431 a composite number?
False
Is 121282402715 a composite number?
True
Is 4628962073 composite?
True
Is 124867176099 composite?
True
Is 1481243299 a prime number?
True
Is 8041284353 a composite number?
False
Is 966324721 composite?
True
Is 573098507 a composite number?
True
Is 5097368147 a composite number?
False
Is 1721226355 a composite number?
True
Is 42990645769 composite?
True
Is 611789699 prime?
True
Is 394214567 composite?
False
Is 1193483833 a prime number?
True
Is 89043354721 composite?
False
Is 312976827287 composite?
False
Is 176554561 prime?
False
Is 44793735713 composite?
True
Is 60209661503 a composite number?
False
Is 10685450981 a prime number?
False
Is 15448673833 a prime number?
False
Is 667175027 a composite number?
False
Is 506571041 prime?
True
Is 43906292357 composite?
False
Is 2284725679 a prime number?
True
Is 3301603937 composite?
True
Is 416002099 prime?
True
Is 1124032711 a composite number?
False
Is 228542662513 prime?
False
Is 37520591 prime?
False
Is 3568019783 prime?
True
Is 31609641209 a prime number?
False
Is 160063753 composite?
False
Is 2488060261 composite?
True
Is 38226386573 a prime number?
False
Is 2683356607 a prime number?
False
Is 520727954 a prime number?
False
Is 75527987 composite?
False
Is 6796018693 a composite number?
False
Is 171186372697 a composite number?
False
Is 12113191427 composite?
False
Is 4804656971 composite?
False
Is 2607664777 a prime number?
False
Is 97312381 a composite number?
True
Is 204972124109 prime?
False
Is 304079077 a prime number?
True
Is 472542439 prime?
False
Is 6575703791 composite?
True
Is 7476783023 a prime number?
True
Is 43707207 prime?
False
Is 6162692537 prime?
True
Is 141597427 a composite number?
False
Is 5136520193 prime?
False
Is 19719443069 prime?
True
Is 6079065659 a prime number?
True
Is 924658789 a composite number?
False
Is 20217096029 prime?
False
Is 6264695363 composite?
True
Is 2744590481 prime?
False
Is 1849022437 a prime number?
False
Is 1068518417 a composite number?
False
Is 13435737167 a prime number?
True
Is 11512650661 a prime number?
True
Is 185329541 a prime number?
True
Is 21771551773 a prime number?
False
Is 20393627981 prime?
True
Is 1054356143 a prime number?
True
Is 1270519343 prime?
True
Is 2100206155 composite?
True
Is 11231836381 a composite number?
False
Is 1754740993 composite?
True
Is 4792365917 composite?
True
Is 754588687 a composite number?
False
Is 182713069447 prime?
True
Is 29267345963 a prime number?
True
Is 7472080393 composite?
True
Is 4988665613 a composite number?
True
Is 8220779657 composite?
False
Is 254108971 composite?
True
Is 889581659 a prime number?
False
Is 1875380239 prime?
True
Is 112897973 a prime number?
False
Is 13448261 a prime number?
False
Is 167194735289 a composite number?
False
Is 1942337279 prime?
True
Is 45006834607 composite?
True
Is 64570728161 a composite number?
False
Is 5007090505 composite?
True
Is 640233259 composite?
False
Is 655706449 composite?
True
Is 298502802451 a prime number?
False
Is 66374618071 prime?
True
Is 172956769367 a prime number?
True
Is 419907149 a prime number?
False
Is 229414763 composite?
True
Is 32496808021 a prime number?
True
Is 88164337519 composite?
True
Is 35089207651 a composite number?
False
Is 14448271349 composite?
False
Is 5665001399 a prime number?
False
Is 644113747 prime?
True
Is 2889820183 prime?
True
Is 295881371 a prime number?
True
Is 9746947789 prime?
False
Is 1660265261 prime?
True
Is 778216749 a composite number?
True
Is 5381724337 prime?
False
Is 29166445757 composite?
False
Is 3967768013 prime?
False
Is 2377812919 a prime number?
True
Is 13278728899 a composite number?
True
Is 2588910637 composite?
True
Is 111296339149 composite?
True
Is 6268022653 prime?
True
Is 23335132677 a composite number?
True
Is 121028209177 prime?
False
Is 253466051 composite?
True
Is 1954868551 a prime number?
True
Is 693754547 a prime number?
False
Is 226534559 a composite number?
True
Is 1277684497 a prime number?
True
Is 45818371 a prime number?
True
Is 1117180609 a composite number?
False
Is 54892572733 prime?
True
Is 5795051399 a composite number?
True
Is 11898351581 a prime number?
True
Is 1252574959 a composite number?
True
Is 4558872953 composite?
False
Is 4252433855 composite?
True
Is 407639633 a prime number?
False
Is 57813804721 composite?
False
Is 164986749559 a composite number?
False
Is 729953243 composite?
False
Is 908998333 a prime number?
True
Is 7344271271 composite?
False
Is 1258816531 a composite number?
True
Is 3395209679 prime?
False
Is 109714237 composite?
True
Is 3977461237 composite?
False
Is 71953348813 a prime number?
True
Is 956379623 a prime number?
False
Is 783181171 a composite number?
True
Is 13972654643 a prime number?
False
Is 13515718031 a composite number?
False
Is 1761594547 composite?
True
Is 107766551 a prime number?
False
Is 189188213 a composite number?
True
Is 19240109963 a prime number?
True
Is 135844339 prime?
True
Is 69689642401 composite?
False
Is 982874119 a prime number?
False
Is 12679161349 a prime number?
False
Is 1035184015 composite?
True
Is 3013627559 a composite number?
False
Is 183937584313 a prime number?
False
Is 16037937299 a composite number?
False
Is 446181793